prime factors of a(1)?
11
Suppose 2*o - 5*o - 15 = -n, -3*n + 25 = o. Let w = 55 - n. List the prime factors of w.
2, 23
Suppose -25 = -5*p, -4*i + p + 397 - 46 = 0. List the prime factors of i.
89
List the prime factors of 27*1 - (9 + -9).
3
Let m be 3/6 - 1/(-2). Let y = 3 - m. List the prime factors of y.
2
Suppose 4 = -5*p + 14. Suppose -p*x = 8, x - 3 = -5*f - 2*x. List the prime factors of f.
3
Let a(p) = p + 9. Let f be a(-6). Suppose 12 = 4*d - 60. Suppose f*t = t + d. List the prime factors of t.
3
Let i = -3 + 6. Suppose -3*s + 2*p - 11 = -54, i*s = p + 41. What are the prime factors of s?
13
Let h be 2/3*9/(-6). Let q be (-25)/15*(-5 + h). Let g = q - -1. List the prime factors of g.
11
Let z be -2*(-2)/(-8)*2. Let k be z/(1/(-3) + 0). Suppose -3*r + f + 25 = 0, k*r + 5*f = 2*f + 33. What are the prime factors of r?
3
Let m be 8/3 + (-4)/6. Let l(t) = m*t + 12*t**2 + 8*t + 1 + 0*t**2 + t**3. List the prime factors of l(-11).
2, 3
Let k = 244 + -103. List the prime factors of k.
3, 47
Let v(j) = -j**2 - 2*j. Let o(k) = k**2 - k - 4. Let n be o(3). Let l(q) = q**2. Let z(p) = n*l(p) + v(p). What are the prime factors of z(4)?
2
Let x be (2 - 2) + 0 + 0. Suppose 10 = -x*f + f. What are the prime factors of f?
2, 5
Let y(l) = -l**3 + 5*l**2 + l - 4. Let o be y(3). Let v = 3 + o. Suppose -2*n = 2*z - v, -5*z + 5 = n - 1. List the prime factors of n.
11
Suppose 4*t + 4*p = 944, -2*t - 5*p + 383 = -86. List the prime factors of t.
3, 79
Suppose -6 = -2*q + 4. Suppose -q*v + 208 - 3 = 0. List the prime factors of v.
41
Let n be ((-1)/2)/((-8)/32). Suppose 0 = -5*o - 12 - 13, -n*o + 5 = 3*j. What are the prime factors of j?
5
Let d = 9 - 7. Let z = 12 - d. What are the prime factors of z?
2, 5
Let k be (-220)/35 + (-4)/(-14). Let y(o) = o**2 + o - 7. What are the prime factors of y(k)?
23
Suppose 3*w - 402 = -2*s, -4*w + 4*s = 2*s - 536. List the prime factors of w.
2, 67
Let b = -22 + 47. List the prime factors of b.
5
Let f = 2 + 0. Let b(j) = 2*j - 10*j - 10*j**2 - j**3 + 1 - f*j. List the prime factors of b(-9).
2, 5
Let a(s) = -3*s + 8. Let b(h) = 2*h - 9. Let d(x) = -4*a(x) - 3*b(x). What are the prime factors of d(6)?
31
Let q = -36 - -75. List the prime factors of q.
3, 13
Suppose -3*w - 1 = 2. What are the prime factors of (-1)/(w - (-10)/12)?
2, 3
List the prime factors of (-2)/3*(-369)/6.
41
Suppose 0 = -4*h - 5*k + 7, 0 = -3*k + 4*k - 3. Let p = 0 - h. List the prime factors of (-4)/((-1)/(5/p)).
2, 5
Let y = -2 + 27. Let c = 36 - y. What are the prime factors of c?
11
Suppose 36 - 4 = 4*t. List the prime factors of (9/(-2))/((-3)/t).
2, 3
Suppose -5*c + 10 = -0*c. Suppose 0 = f - c*f + 3. Suppose -i - 2*x = -2, 0 = -0*i - f*i - x + 11. List the prime factors of i.
2
Let c = -343 + 540. List the prime factors of c.
197
Let n(f) = 3*f**2 + 2*f - 1. Let c be n(1). Suppose -c*g = g. Suppose -q + 3*q - 14 = g. List the prime factors of q.
7
Let u = 93 + 48. Suppose -3*a = 39 - u. List the prime factors of a.
2, 17
Suppose -47 = -d + 57. Suppose -9 + d = 5*n. List the prime factors of n.
19
Let a(p) = 2*p - 5. Let f be a(5). Suppose -11 = 5*x - 1, -36 = -f*r + 3*x. Let l(j) = j + 1. What are the prime factors of l(r)?
7
Suppose 0 = r - 2*r. Suppose r = u - 10 - 2. List the prime factors of u.
2, 3
Let p(g) = 4*g**2 - g + 2. What are the prime factors of p(-3)?
41
Suppose -c + 10 = c. Suppose -x - 2*b + 7 = 0, -6 = -x - c*b + 2*b. What are the prime factors of x?
3
Suppose n - 69 = 108. Suppose 2*b - 90 = 4*m - 0*m, 4*b - n = 5*m. List the prime factors of b.
43
Let a = 44 - 8. Suppose 4*s + 8 = a. Suppose -n - n = -2, -s = -4*g + n. What are the prime factors of g?
2
Let y(a) = 3*a - 4*a - 2*a**3 + 0*a + 3*a**3 + 1 - a**2. What are the prime factors of y(2)?
3
Suppose o + 1 - 24 = -3*c, -5*c + 5*o = -5. Suppose -2*t + c = -0*t. Suppose a + 8 = t*a. What are the prime factors of a?
2
Let o = -20 - -9. Let w = o - -16. Suppose 2*u = w*i - 33, -6*u - 8 = -4*u. What are the prime factors of i?
5
Suppose -s - 3*i + 4 = 0, -4*i - i + 50 = 5*s. Suppose 0 = -w + 5 + s. Suppose -2*f = f - w. List the prime factors of f.
2, 3
Let y be ((-4)/(-20))/(1/5). List the prime factors of (-49)/7*(y + -2).
7
Let u be (-2 + 4)*1*1. Suppose -3*r + 4*r - u*j - 17 = 0, 4*r = 3*j + 48. Suppose -3*o + 6 = -r. What are the prime factors of o?
5
Let j(m) = m**2 + 5*m + 6. Let x be (40/(-32))/(1/4). Let v be j(x). Let f = v + 5. What are the prime factors of f?
11
What are the prime factors of 9/15 + 24/10?
3
Let y(z) = 88*z**2 - z. Let f be y(-1). Let s = f - 51. List the prime factors of s.
2, 19
Let d be (-81)/(-6) - (-2)/(-4). Let p = -18 + d. What are the prime factors of 38/8 + p/(-20)?
5
Let k(v) = -v**3 - 7*v**2 + 5*v + 6. What are the prime factors of k(-8)?
2, 3, 5
Suppose 20 = n + 3*n. Let s(u) = u**3 - 4*u**2 - 6. What are the prime factors of s(n)?
19
Suppose 0 = -2*f + 4*k + 468, 5*f = -4*k + 1021 + 93. List the prime factors of f.
2, 113
Let o be (-27)/(-18)*(-8)/(-6). Suppose 2*j - o = 4. List the prime factors of j.
3
Let t = 124 + -85. List the prime factors of t.
3, 13
Let d = -402 + 782. List the prime factors of d.
2, 5, 19
List the prime factors of ((-133)/28)/((-1)/2)*8.
2, 19
Suppose 4*z = -z + 70. List the prime factors of z.
2, 7
Suppose 0 = 4*a - 0*a. Suppose 0 = -5*b - 2*i + 153 + 155, a = -b - 2*i + 68. List the prime factors of b.
2, 3, 5
Let i(m) be the third derivative of m**4/12 + 9*m**3 + 3*m**2. List the prime factors of i(0).
2, 3
Let c(u) = -3*u + 1. Let v(d) = -8*d + 3. Let b(t) = 7*c(t) - 2*v(t). List the prime factors of b(-2).
11
Let q(p) = p**2 + p + 2. Let y be q(-2). Suppose 2*r = 2*h + 42, -2*r + h + 39 = -y. What are the prime factors of r?
2, 11
Let h(m) be the first derivative of m**5/20 + 2*m**4/3 + 5*m**3/6 - 4*m**2 - 2*m - 2. Let q(f) be the first derivative of h(f). List the prime factors of q(-7).
2, 3
Let x(o) = -2*o**2 - o - 3. Let s be x(6). What are the prime factors of s/(-6) + 5/(-10)?
13
Let f be 5/(-2)*8/(-5). Suppose -22 = -r - 2*z, f*r = 3*z + z + 52. List the prime factors of r.
2
Suppose 5*c - 834 = -5*i - 29, 0 = 5*c + 15. List the prime factors of i.
2, 41
Let q(y) = y**3 + 14*y**2 - 6*y + 34. List the prime factors of q(-14).
2, 59
Suppose -5*a + 5*s + 175 = 0, 0 = -2*a + 4*a + 4*s - 82. List the prime factors of a.
37
Let k = -7 + 14. Suppose k + 3 = 5*w. What are the prime factors of w?
2
Let k = 556 + -338. List the prime factors of k.
2, 109
Suppose -7*c = -8*c + 42. Let w = c + -23. List the prime factors of w.
19
Let i(w) = w**2 - 3*w + 5. List the prime factors of i(4).
3
Suppose 0*z = -2*z + 6. Suppose 21 = z*r + 2*g + 3*g, -r - 5*g + 17 = 0. Suppose -4*m + 1 = r*f - 11, -2 = 2*m + 3*f. List the prime factors of m.
5
Let h(a) = 19*a - 1. List the prime factors of h(7).
2, 3, 11
Let m be -5 + 2 + (-24)/(-4). Suppose -3*c = -2*y - 14, -y = c - 2*c + m. List the prime factors of c.
2
Let u(t) = -t + 3. Let s = 6 + -4. Suppose -s*a + 5*a = 0. What are the prime factors of u(a)?
3
Let q(l) = -l + 6. Let r be 9/(-6) - (-4)/(-8). Let w be (1/r)/((-8)/(-96)). List the prime factors of q(w).
2, 3
What are the prime factors of (10 + 48)/(2/4 - 0)?
2, 29
Suppose w - 17 + 50 = -s, -4*s = 2*w + 76. Let f be w/5*(5 - 10). Let p = -16 + f. List the prime factors of p.
2, 3
Let m(g) = -g**3 - 26*g**2 + 17*g - 55. List the prime factors of m(-27).
5, 43
Let q(i) = 45*i + 2. Let z(y) = 22*y + 1. Let a(r) = -3*q(r) + 7*z(r). What are the prime factors of a(1)?
2, 5
Suppose 4*o - 234 + 589 = 5*r, 2*o = -r + 71. Let b = -42 + r. List the prime factors of b.
29
Let h(k) = 0*k**3 - 3*k + 12 - 10 + k**3. Let a be h(2). Suppose -4*s + 2*s = -4*z - 28, -a*s - 5*z = -17. What are the prime factors of s?
2
Let y(x) = -5*x - 2. Suppose -5*r - 23 = -5*k + 12, 0 = r - 3*k + 13. What are the prime factors of y(r)?
2, 3
Suppose -5*r - w + 1 = -3, 12 = 4*r + 3*w. What are the prime factors of (-1 - r) + (-17)/(-1)?
2
Let q = -2 + 7. Let j = q + -5. Suppose 0 = -j*o + o - 8. What are the prime factors of o?
2
Let i be (4/6)/((-10)/120). Let v = i + 17. What are the prime factors of v?
3
Let h = 94 + -49. List the prime factors of h.
3, 5
Suppose 3*n = -2*d + 65 + 24, -212 = -5*d - 4*n. List the prime factors of d.
2,